the remainder when 3905 is divided by 3674.
231
Calculate the remainder when 1202311 is divided by 171750.
61
Calculate the remainder when 3692204 is divided by 519.
38
What is the remainder when 75780 is divided by 24918?
1026
What is the remainder when 2986752 is divided by 1829?
1824
What is the remainder when 30250 is divided by 4318?
24
Calculate the remainder when 64769602 is divided by 73.
60
Calculate the remainder when 1130669 is divided by 86974.
7
Calculate the remainder when 2146181 is divided by 30.
11
What is the remainder when 6687074 is divided by 1671765?
14
What is the remainder when 84644 is divided by 792?
692
Calculate the remainder when 4907030 is divided by 132622.
16
What is the remainder when 59178478 is divided by 3698654?
14
Calculate the remainder when 4937644 is divided by 185.
179
What is the remainder when 9289668 is divided by 296?
4
What is the remainder when 4201596 is divided by 1842?
1836
Calculate the remainder when 634735 is divided by 317256.
223
What is the remainder when 650164 is divided by 10835?
64
Calculate the remainder when 834799 is divided by 834758.
41
What is the remainder when 25083485 is divided by 1059?
11
What is the remainder when 262154 is divided by 16?
10
Calculate the remainder when 3556660 is divided by 1185524.
88
Calculate the remainder when 32058148 is divided by 374.
364
Calculate the remainder when 2493584 is divided by 209.
5
What is the remainder when 409179 is divided by 2061?
1101
Calculate the remainder when 230492 is divided by 46070.
142
Calculate the remainder when 606350 is divided by 2406.
38
What is the remainder when 40279715 is divided by 207?
206
Calculate the remainder when 4382664 is divided by 4382663.
1
What is the remainder when 1077980 is divided by 1061?
4
What is the remainder when 923703 is divided by 34208?
87
Calculate the remainder when 13342 is divided by 6367.
608
Calculate the remainder when 252031 is divided by 252020.
11
Calculate the remainder when 127315 is divided by 68.
19
What is the remainder when 14695562 is divided by 1088?
1034
What is the remainder when 2171448 is divided by 12548?
644
Calculate the remainder when 424177 is divided by 2331.
2266
What is the remainder when 5169759 is divided by 646219?
7
What is the remainder when 8499836 is divided by 430?
26
Calculate the remainder when 387289 is divided by 49.
42
What is the remainder when 711115 is divided by 711058?
57
What is the remainder when 445356 is divided by 386?
298
Calculate the remainder when 1050521 is divided by 566.
25
What is the remainder when 7091664 is divided by 7178?
6978
What is the remainder when 15311471 is divided by 1913928?
47
What is the remainder when 28956189 is divided by 2570?
2569
What is the remainder when 7635681 is divided by 279?
9
Calculate the remainder when 274845 is divided by 4173.
3600
What is the remainder when 7179467 is divided by 11?
9
Calculate the remainder when 6158147 is divided by 1411.
543
What is the remainder when 3137368 is divided by 78?
52
What is the remainder when 61479 is divided by 6817?
126
What is the remainder when 38299491 is divided by 86?
79
Calculate the remainder when 21664742 is divided by 1805395.
2
Calculate the remainder when 225777 is divided by 225688.
89
Calculate the remainder when 6259458 is divided by 30.
18
What is the remainder when 6340904 is divided by 1618?
1580
Calculate the remainder when 88854 is divided by 6803.
415
Calculate the remainder when 184190 is divided by 4989.
4586
What is the remainder when 4039 is divided by 574?
21
What is the remainder when 316798753 is divided by 689?
687
What is the remainder when 105062 is divided by 104999?
63
Calculate the remainder when 97021 is divided by 3691.
1055
Calculate the remainder when 8303 is divided by 4920.
3383
What is the remainder when 18048 is divided by 8917?
214
What is the remainder when 9337391 is divided by 3112415?
146
Calculate the remainder when 501515 is divided by 561.
542
Calculate the remainder when 641397 is divided by 814.
779
Calculate the remainder when 506052 is divided by 46.
6
Calculate the remainder when 638890 is divided by 684.
34
Calculate the remainder when 4919714 is divided by 43154.
158
Calculate the remainder when 9010180 is divided by 2252543.
8
Calculate the remainder when 3088575 is divided by 54.
45
Calculate the remainder when 6636695 is divided by 11.
10
What is the remainder when 2567986 is divided by 116726?
14
Calculate the remainder when 5054349 is divided by 2450.
2449
Calculate the remainder when 230546 is divided by 19211.
14
Calculate the remainder when 5493961 is divided by 66.
55
What is the remainder when 81686 is divided by 64?
22
Calculate the remainder when 28418 is divided by 2849.
2777
What is the remainder when 32067798 is divided by 57?
54
Calculate the remainder when 2524403 is divided by 1262160.
83
Calculate the remainder when 2828902 is divided by 1414336.
230
What is the remainder when 21980855 is divided by 184713?
8
Calculate the remainder when 463637 is divided by 230689.
2259
What is the remainder when 1944727 is divided by 641?
574
Calculate the remainder when 87812 is divided by 5828.
392
What is the remainder when 14258751 is divided by 7?
3
What is the remainder when 41558 is divided by 631?
543
Calculate the remainder when 2625043 is divided by 124999.
64
What is the remainder when 40317 is divided by 40227?
90
Calculate the remainder when 431202 is divided by 47893.
165
Calculate the remainder when 457661 is divided by 377.
360
What is the remainder when 47761500 is divided by 16?
12
What is the remainder when 71043208 is divided by 105?
103
What is the remainder when 547433 is divided by 3082?
1919
Calculate the remainder when 1209173 is divided by 3118.
2507
Calculate the remainder when 68763 is divided by 67625.
1138
Calculate the remainder when 17690934 is divided by 3665.
3644
What is the remainder when 85649 is divided by 2117?
969
What is the remainder when 13201124 is divided by 2420?
24
What is the remainder when 26349 is divided by 3263?
245
What is the remainder when 218053720 is divided by 2872?
2864
What is the remainder when 1151420 is divided by 76744?
260
What is the remainder when 195502 is divided by 598?
554
What is the remainder when 63739750 is divided by 2451528?
22
What is the remainder when 1628675 is divided by 16963?
227
What is the remainder when 1228359 is divided by 5849?
69
Calculate the remainder when 145556 is divided by 635.
141
What is the remainder when 87373 is divided by 591?
496
Calculate the remainder when 6248945 is divided by 2317.
2313
What is the remainder when 5580485 is divided by 136?
133
What is the remainder when 566288 is divided by 35392?
16
Calculate the remainder when 5417785 is divided by 493.
208
What is the remainder when 172066302 is divided by 83?
81
What is the remainder when 12064547 is divided by 305?
272
Calculate the remainder when 14028473 is divided by 480.
473
Calculate the remainder when 642114 is divided by 214037.
3
Calculate the remainder when 770205 is divided by 192477.
297
What is the remainder when 27229382 is divided by 10?
2
What is the remainder when 37042568 is divided by 146?
32
What is the remainder when 324019 is divided by 16?
3
What is the remainder when 20165158 is divided by 20165130?
28
Calculate the remainder when 25819 is divided by 3705.
3589
Calculate the remainder when 1661489 is divided by 21301.
11
Calculate the remainder when 125037 is divided by 2118.
75
Calculate the remainder when 463948513 is divided by 423.
421
Calculate the remainder when 2313559 is divided by 1025.
134
What is the remainder when 26486197 is divided by 130?
127
What is the remainder when 1254123 is divided by 88?
35
Calculate the remainder when 14878 is divided by 1847.
102
Calculate the remainder when 6427849 is divided by 1606958.
17
What is the remainder when 2146726 is divided by 6?
4
Calculate the remainder when 306581324 is divided by 1282767.
11
What is the remainder when 6743527 is divided by 93660?
7
Calculate the remainder when 551455 is divided by 36763.
10
Calculate the remainder when 141687615 is divided by 28.
27
What is the remainder when 22864078 is divided by 1506?
1492
Calculate the remainder